348 a multiple of 108?
True
Is 61 a factor of 107493?
False
Is 20828 a multiple of 59?
False
Is 36920 a multiple of 710?
True
Does 5 divide 1522077?
False
Is 343464 a multiple of 264?
True
Does 768 divide 291840?
True
Is 2698928 a multiple of 592?
True
Does 14 divide 1738130?
False
Is 40 a factor of 601183?
False
Is 51 a factor of 1514139?
True
Is 94 a factor of 131737?
False
Is 20 a factor of 607220?
True
Does 223 divide 105824?
False
Is 86758 a multiple of 43?
False
Is 24 a factor of 229200?
True
Is 602588 a multiple of 14?
True
Is 284 a factor of 14116788?
True
Does 318 divide 3812895?
False
Is 363 a factor of 2715603?
True
Is 77464 a multiple of 421?
True
Does 84 divide 126941?
False
Is 107 a factor of 130540?
True
Is 31 a factor of 21917?
True
Is 8 a factor of 919071?
False
Does 151 divide 1031330?
True
Is 1015092 a multiple of 324?
True
Is 104 a factor of 34320?
True
Does 101 divide 301586?
True
Does 535 divide 315342?
False
Is 2889460 a multiple of 2?
True
Is 99 a factor of 68712?
False
Is 3 a factor of 20704?
False
Is 75 a factor of 42396?
False
Is 257 a factor of 3452811?
False
Does 8 divide 22056?
True
Is 2248940 a multiple of 163?
False
Is 140 a factor of 558740?
True
Is 36 a factor of 1070905?
False
Is 9 a factor of 33203?
False
Is 9 a factor of 14552?
False
Does 14 divide 170757?
False
Is 9066 a multiple of 65?
False
Does 60 divide 73030?
False
Does 14 divide 21756?
True
Does 10 divide 334421?
False
Is 3345734 a multiple of 706?
True
Is 53 a factor of 351602?
True
Does 591 divide 3025920?
True
Is 815947 a multiple of 4?
False
Does 152 divide 126008?
True
Does 443 divide 2599060?
False
Is 321 a factor of 71926?
False
Is 32 a factor of 1180423?
False
Does 4 divide 111352?
True
Is 785904 a multiple of 195?
False
Is 425249 a multiple of 9?
False
Is 409920 a multiple of 4?
True
Is 26011 a multiple of 37?
True
Does 31 divide 257796?
True
Is 23895352 a multiple of 194?
False
Is 93 a factor of 191673?
True
Does 36 divide 7010924?
False
Is 156 a factor of 2219724?
True
Does 22 divide 2992927?
False
Is 155 a factor of 469011?
False
Does 162 divide 11154996?
True
Is 559311 a multiple of 138?
False
Does 8 divide 2199995?
False
Is 3 a factor of 3107199?
True
Is 13 a factor of 8833071?
True
Is 18 a factor of 615515?
False
Does 63 divide 199729?
False
Is 37 a factor of 42550?
True
Is 1826650 a multiple of 85?
True
Does 40 divide 1591400?
True
Is 199 a factor of 78507?
False
Does 501 divide 14892726?
True
Is 103 a factor of 10668946?
True
Is 183 a factor of 250419?
False
Is 46214 a multiple of 58?
False
Is 15925 a multiple of 13?
True
Is 50 a factor of 122251?
False
Is 109906 a multiple of 41?
False
Does 404 divide 607604?
False
Does 84 divide 166978?
False
Is 536939 a multiple of 13?
True
Does 9 divide 1325313?
True
Is 10 a factor of 9880?
True
Is 1782514 a multiple of 146?
True
Is 120708 a multiple of 383?
False
Is 1777738 a multiple of 18?
False
Is 49620 a multiple of 6?
True
Is 11 a factor of 691823?
True
Does 2 divide 2304178?
True
Does 257 divide 3326556?
False
Is 267530 a multiple of 155?
True
Is 43 a factor of 129807?
False
Is 235 a factor of 2260871?
False
Is 40711 a multiple of 11?
True
Does 14 divide 23827174?
True
Does 68 divide 218348?
True
Does 289 divide 10944815?
False
Is 48416 a multiple of 178?
True
Is 2641320 a multiple of 115?
True
Does 116 divide 6854552?
False
Is 34 a factor of 1461503?
False
Does 18 divide 1087485?
False
Is 4292877 a multiple of 13?
False
Is 150 a factor of 11458793?
False
Is 29 a factor of 360919?
False
Is 91 a factor of 4616885?
True
Does 74 divide 7123798?
False
Does 34 divide 44952?
False
Does 12 divide 5790?
False
Is 42 a factor of 157080?
True
Is 479 a factor of 99346?
False
Is 1302258 a multiple of 20?
False
Does 47 divide 30362?
True
Is 34 a factor of 597091?
False
Is 17551056 a multiple of 8?
True
Does 22 divide 26833?
False
Is 3 a factor of 657924?
True
Is 112 a factor of 46480?
True
Is 136 a factor of 43112?
True
Is 419 a factor of 41481?
True
Is 324870 a multiple of 7?
True
Is 485 a factor of 12608060?
True
Does 27 divide 1052826?
False
Is 285 a factor of 146205?
True
Does 7 divide 35493?
False
Is 4 a factor of 12262?
False
Does 82 divide 3082416?
False
Does 298 divide 960752?
True
Is 71 a factor of 95424?
True
Does 107 divide 26620637?
True
Does 2 divide 450563?
False
Does 114 divide 72937?
False
Does 104 divide 1863888?
True
Is 367 a factor of 185226?
False
Does 60 divide 435302?
False
Does 9 divide 9117?
True
Is 25715 a multiple of 3?
False
Is 5244230 a multiple of 876?
False
Is 320 a factor of 127360?
True
Is 351 a factor of 92313?
True
Is 99130 a multiple of 20?
False
Is 416 a factor of 68712?
False
Is 109 a factor of 230317?
True
Is 18 a factor of 26076?
False
Is 199452 a multiple of 22?
True
Is 1095660 a multiple of 30?
True
Does 1673 divide 11295165?
False
Is 162978 a multiple of 46?
True
Does 101 divide 839395?
False
Is 729800 a multiple of 41?
True
Is 12549016 a multiple of 19?
False
Is 4981868 a multiple of 59?
False
Is 102705 a multiple of 150?
False
Does 31 divide 92243?
False
Is 91400 a multiple of 8?
True
Is 6065282 a multiple of 530?
False
Is 12 a factor of 9843156?
True
Does 1905 divide 7090410?
True
Is 35 a factor of 5965470?
True
Is 14142576 a multiple of 147?
True
Is 3 a factor of 11841?
True
Is 875765 a multiple of 221?
False
Is 151770 a multiple of 30?
True
Is 322541 a multiple of 17?
True
Is 10678 a multiple of 228?
False
Is 107185 a multiple of 221?
True
Is 14 a factor of 627326?
True
Is 108116 a multiple of 3?
False
Is 26 a factor of 224458?
True
Does 53 divide 71669?
False
Does 127 divide 175489?
False
Does 32 divide 826528?
True
Is 64 a factor of 168848?
False
Is 142467 a multiple of 281?
True
Is 89 a factor of 6894029?
True
Is 139 a factor of 118567?
True
Does 19 divide 150499?
True
Is 2 a factor of 1000?
True
Is 2472470 a multiple of 130?
True
Is 53494 a multiple of 172?
False
Is 13 a factor of 4453436?
True
Is 2136289 a multiple of 14?
False
Does 88 divide 370656?
True
Is 326 a factor of 14394204?
True
Is 318300 a multiple of 100?
True
Is 814 a factor of 18247473?
False
Is 1202850 a multiple of 810?
True
Is 142413 a multiple of 37?
True
Does 137 divide 224132?
True
Does 665 divide 6722641?
False
Does 65 divide 4801925?
False
Does 742 divide 1356376?
True
Is 34 a factor of 160616?
True
Is 1713432 a multiple of 12?
True
Is 481399 even?
False
Is 849877 a multiple of 56?
False
Is 4764953 a multiple of 16?
False
Does 148 divide 727720?
False
Does 50 divide 176050?
True
Is 2 a factor of 207455?
False
Is 2518934 a multiple of 20?
False
Does 283 divide 646655?
True
Is 115245 a multiple of 15?
True
Is 6 a factor of 4588482?
True
Is 2178 a multiple of 363?
True
Is 60982 a multiple of 3?
False
Is 28 a factor of 52619?
False
Does 22 divide 348982?
False
Is 30002 a multiple of 26?
False
Does 82 divide 11558720?
True
Does 888 divide 647352?
True
Is 2333925 a multiple of 1035?
True
Is 47 a factor of 264657?
True
Is 906559 a multiple of 64?
False
Is 388215 a multiple of 10?
False
Is 218 a factor of 127353?
False
Does 850 divide 1526338?
False
Is 3749 a multiple of 23?
True
Does 2 divide 3508?
True
Is 1410632 a multiple of 4?
True
Is 44 a factor of 124472?
False
Is 2593932 a multiple of 51?
False
Is 412846 a multiple of 14?
True
Does 251 divide 87923?
False
Is 27842 even?
True
Is 1524930 a multiple of 10?
True
Is 625 a factor of 393125?
True
Is 37095 a multiple of 127?
False
Does 231 divide 1140216?
True
Does 4 divide 30135?
False
Is 60 a factor of 1465831?
False
Does 31 divide 45759?
False
Is 155 a factor of 284580?
True
Is 66458 a multiple of 164?
False
Does 92 divide 89516?
True
Does 498 divide 229578?
True
Does 33 divide 1047108?
False
Is 105 a factor of 211053?
False
Is 156893 a multiple of 35?
False
Is 1446602 a multiple of 53?
False
Is 48424 a multiple of 3?
False
Is 26 a factor of 604691?
False
Does 16 divide 1649571?
False
Does 28 divide 323347?
False
Is 3777986 a multiple of 265?
False
Does 7 divide 56091?
True
Is 10 a factor of 2907328?
False
Does 37 divide 157065?
True
Is 19897238 a multiple of 13?
False
Does 4 divide 132736?
True
Does 110 divide 1169960?
True
Does 84 divide 2165184?
True
Is 3240081 a multiple of 27?
True
Is 343354 a multiple of 122?
False
Is 185138